{"id":219,"date":"2023-09-08T17:16:12","date_gmt":"2023-09-08T17:16:12","guid":{"rendered":"https:\/\/carmenrivesabogada.com\/?page_id=219"},"modified":"2024-09-06T15:38:45","modified_gmt":"2024-09-06T15:38:45","slug":"sobre-mi","status":"publish","type":"page","link":"https:\/\/carmenrivesabogada.com\/?page_id=219","title":{"rendered":"Sobre m\u00ed"},"content":{"rendered":"\t\t<div data-elementor-type=\"wp-page\" data-elementor-id=\"219\" class=\"elementor elementor-219\" data-elementor-post-type=\"page\">\n\t\t\t\t\t\t\t<div class=\"elementor-element elementor-element-50ba6f5b e-flex e-con-boxed e-con\" data-id=\"50ba6f5b\" data-element_type=\"container\" data-settings=\"{&quot;background_background&quot;:&quot;classic&quot;,&quot;content_width&quot;:&quot;boxed&quot;}\">\n\t\t\t\t\t<div class=\"e-con-inner\">\n\t\t\t\t<div class=\"elementor-element elementor-element-4ff52ac5 elementor-widget elementor-widget-heading\" data-id=\"4ff52ac5\" data-element_type=\"widget\" data-widget_type=\"heading.default\">\n\t\t\t\t<div class=\"elementor-widget-container\">\n\t\t\t<style>\/*! elementor - v3.15.0 - 20-08-2023 *\/\n.elementor-heading-title{padding:0;margin:0;line-height:1}.elementor-widget-heading .elementor-heading-title[class*=elementor-size-]>a{color:inherit;font-size:inherit;line-height:inherit}.elementor-widget-heading .elementor-heading-title.elementor-size-small{font-size:15px}.elementor-widget-heading .elementor-heading-title.elementor-size-medium{font-size:19px}.elementor-widget-heading .elementor-heading-title.elementor-size-large{font-size:29px}.elementor-widget-heading .elementor-heading-title.elementor-size-xl{font-size:39px}.elementor-widget-heading .elementor-heading-title.elementor-size-xxl{font-size:59px}<\/style><h1 class=\"elementor-heading-title elementor-size-default\">SOBRE M\u00cd<\/h1>\t\t<\/div>\n\t\t\t\t<\/div>\n\t\t\t\t\t<\/div>\n\t\t\t\t<\/div>\n\t\t<div class=\"elementor-element elementor-element-7713757a e-flex e-con-boxed e-con\" data-id=\"7713757a\" data-element_type=\"container\" data-settings=\"{&quot;content_width&quot;:&quot;boxed&quot;}\">\n\t\t\t\t\t<div class=\"e-con-inner\">\n\t\t<div class=\"elementor-element elementor-element-15b6901f e-flex e-con-boxed e-con\" data-id=\"15b6901f\" data-element_type=\"container\" data-settings=\"{&quot;content_width&quot;:&quot;boxed&quot;}\">\n\t\t\t\t\t<div class=\"e-con-inner\">\n\t\t<div class=\"elementor-element elementor-element-136f5e99 e-con-full e-flex e-con\" data-id=\"136f5e99\" data-element_type=\"container\" data-settings=\"{&quot;content_width&quot;:&quot;full&quot;}\">\n\t\t\t\t<div class=\"elementor-element elementor-element-2b66276 elementor-widget elementor-widget-heading\" data-id=\"2b66276\" data-element_type=\"widget\" data-widget_type=\"heading.default\">\n\t\t\t\t<div class=\"elementor-widget-container\">\n\t\t\t<h1 class=\"elementor-heading-title elementor-size-default\">Sobre m\u00ed<\/h1>\t\t<\/div>\n\t\t\t\t<\/div>\n\t\t\t\t<div class=\"elementor-element elementor-element-5c7e8f40 elementor-widget elementor-widget-text-editor\" data-id=\"5c7e8f40\" data-element_type=\"widget\" data-widget_type=\"text-editor.default\">\n\t\t\t\t<div class=\"elementor-widget-container\">\n\t\t\t<style>\/*! elementor - v3.15.0 - 20-08-2023 *\/\n.elementor-widget-text-editor.elementor-drop-cap-view-stacked .elementor-drop-cap{background-color:#69727d;color:#fff}.elementor-widget-text-editor.elementor-drop-cap-view-framed .elementor-drop-cap{color:#69727d;border:3px solid;background-color:transparent}.elementor-widget-text-editor:not(.elementor-drop-cap-view-default) .elementor-drop-cap{margin-top:8px}.elementor-widget-text-editor:not(.elementor-drop-cap-view-default) .elementor-drop-cap-letter{width:1em;height:1em}.elementor-widget-text-editor .elementor-drop-cap{float:left;text-align:center;line-height:1;font-size:50px}.elementor-widget-text-editor .elementor-drop-cap-letter{display:inline-block}<\/style>\t\t\t\t<p style=\"margin-bottom: 0px;\">Lorem ipsum dolor sit amet<\/p>\t\t\t\t\t\t<\/div>\n\t\t\t\t<\/div>\n\t\t\t\t<\/div>\n\t\t\t\t<div class=\"elementor-element elementor-element-25e135de elementor-hidden-mobile elementor-widget elementor-widget-button\" data-id=\"25e135de\" data-element_type=\"widget\" data-widget_type=\"button.default\">\n\t\t\t\t<div class=\"elementor-widget-container\">\n\t\t\t\t\t<div class=\"elementor-button-wrapper\">\n\t\t\t<a class=\"elementor-button elementor-button-link elementor-size-sm\" href=\"\/contacto\">\n\t\t\t\t\t\t<span class=\"elementor-button-content-wrapper\">\n\t\t\t\t\t\t<span class=\"elementor-button-text\">Contacto<\/span>\n\t\t<\/span>\n\t\t\t\t\t<\/a>\n\t\t<\/div>\n\t\t\t\t<\/div>\n\t\t\t\t<\/div>\n\t\t\t\t\t<\/div>\n\t\t\t\t<\/div>\n\t\t\t\t\t<\/div>\n\t\t\t\t<\/div>\n\t\t<div class=\"elementor-element elementor-element-f3bee9 e-flex e-con-boxed e-con\" data-id=\"f3bee9\" data-element_type=\"container\" data-settings=\"{&quot;content_width&quot;:&quot;boxed&quot;}\">\n\t\t\t\t\t<div class=\"e-con-inner\">\n\t\t<div class=\"elementor-element elementor-element-3822d258 e-con-full e-flex e-con\" data-id=\"3822d258\" data-element_type=\"container\" data-settings=\"{&quot;content_width&quot;:&quot;full&quot;}\">\n\t\t\t\t<div class=\"elementor-element elementor-element-6fcd7cb8 elementor-widget elementor-widget-image\" data-id=\"6fcd7cb8\" data-element_type=\"widget\" data-widget_type=\"image.default\">\n\t\t\t\t<div class=\"elementor-widget-container\">\n\t\t\t<style>\/*! elementor - v3.15.0 - 20-08-2023 *\/\n.elementor-widget-image{text-align:center}.elementor-widget-image a{display:inline-block}.elementor-widget-image a img[src$=\".svg\"]{width:48px}.elementor-widget-image img{vertical-align:middle;display:inline-block}<\/style>\t\t\t\t\t\t\t\t\t\t\t\t<img loading=\"lazy\" decoding=\"async\" width=\"797\" height=\"800\" src=\"https:\/\/carmenrivesabogada.com\/wp-content\/uploads\/2024\/09\/carmen-index-header-1.jpg\" class=\"attachment-full size-full wp-image-254\" alt=\"\" srcset=\"https:\/\/carmenrivesabogada.com\/wp-content\/uploads\/2024\/09\/carmen-index-header-1.jpg 797w, https:\/\/carmenrivesabogada.com\/wp-content\/uploads\/2024\/09\/carmen-index-header-1-300x300.jpg 300w, https:\/\/carmenrivesabogada.com\/wp-content\/uploads\/2024\/09\/carmen-index-header-1-150x150.jpg 150w, https:\/\/carmenrivesabogada.com\/wp-content\/uploads\/2024\/09\/carmen-index-header-1-768x771.jpg 768w\" sizes=\"auto, (max-width: 797px) 100vw, 797px\" \/>\t\t\t\t\t\t\t\t\t\t\t\t\t\t\t<\/div>\n\t\t\t\t<\/div>\n\t\t\t\t<\/div>\n\t\t<div class=\"elementor-element elementor-element-381b93d5 e-con-full e-flex e-con\" data-id=\"381b93d5\" data-element_type=\"container\" data-settings=\"{&quot;content_width&quot;:&quot;full&quot;}\">\n\t\t\t\t<div class=\"elementor-element elementor-element-5bd1113 elementor-widget elementor-widget-heading\" data-id=\"5bd1113\" data-element_type=\"widget\" data-widget_type=\"heading.default\">\n\t\t\t\t<div class=\"elementor-widget-container\">\n\t\t\t<h4 class=\"elementor-heading-title elementor-size-default\">Carmen Rives<\/h4>\t\t<\/div>\n\t\t\t\t<\/div>\n\t\t\t\t<div class=\"elementor-element elementor-element-730083e7 elementor-widget elementor-widget-text-editor\" data-id=\"730083e7\" data-element_type=\"widget\" data-widget_type=\"text-editor.default\">\n\t\t\t\t<div class=\"elementor-widget-container\">\n\t\t\t\t\t\t\t<p>Soy una abogada de Alicante especializada en derecho civil, formada en la UCAM de Murcia. Desde siempre he tenido una gran pasi\u00f3n por defender los derechos de los dem\u00e1s, lo que me llev\u00f3 a especializarme en \u00e1reas como contratos, herencias y conflictos familiares. Tras realizar pr\u00e1cticas en un prestigioso despacho de Murcia, regres\u00e9 a Alicante para ejercer y brindar asesoramiento legal cercano y personalizado. Me esfuerzo en ofrecer soluciones pr\u00e1cticas y en priorizar la mediaci\u00f3n antes de los litigios. Mi objetivo es ayudar a las personas a resolver problemas cotidianos, con empat\u00eda, profesionalidad y un fuerte compromiso con la justicia.<\/p>\t\t\t\t\t\t<\/div>\n\t\t\t\t<\/div>\n\t\t\t\t<\/div>\n\t\t\t\t\t<\/div>\n\t\t\t\t<\/div>\n\t\t\t\t\t\t\t<\/div>\n\t\t","protected":false},"excerpt":{"rendered":"<p>SOBRE M\u00cd Sobre m\u00ed Lorem ipsum dolor sit amet Contacto Carmen Rives Soy una abogada de Alicante especializada en derecho civil, formada en la UCAM de Murcia. Desde siempre he tenido una gran pasi\u00f3n por defender los derechos de los dem\u00e1s, lo que me llev\u00f3 a especializarme en \u00e1reas como contratos, herencias y conflictos familiares. [&hellip;]<\/p>\n","protected":false},"author":1,"featured_media":0,"parent":0,"menu_order":0,"comment_status":"closed","ping_status":"closed","template":"","meta":{"footnotes":""},"class_list":["post-219","page","type-page","status-publish","hentry"],"yoast_head":"<!-- This site is optimized with the Yoast SEO plugin v22.1 - https:\/\/yoast.com\/wordpress\/plugins\/seo\/ -->\n<title>Sobre m\u00ed - Abogada Orihuela<\/title>\n<meta name=\"robots\" content=\"index, follow, max-snippet:-1, max-image-preview:large, max-video-preview:-1\" \/>\n<link rel=\"canonical\" href=\"https:\/\/carmenrivesabogada.com\/?page_id=219\" \/>\n<meta property=\"og:locale\" content=\"es_ES\" \/>\n<meta property=\"og:type\" content=\"article\" \/>\n<meta property=\"og:title\" content=\"Sobre m\u00ed - Abogada Orihuela\" \/>\n<meta property=\"og:description\" content=\"SOBRE M\u00cd Sobre m\u00ed Lorem ipsum dolor sit amet Contacto Carmen Rives Soy una abogada de Alicante especializada en derecho civil, formada en la UCAM de Murcia. Desde siempre he tenido una gran pasi\u00f3n por defender los derechos de los dem\u00e1s, lo que me llev\u00f3 a especializarme en \u00e1reas como contratos, herencias y conflictos familiares. [&hellip;]\" \/>\n<meta property=\"og:url\" content=\"https:\/\/carmenrivesabogada.com\/?page_id=219\" \/>\n<meta property=\"og:site_name\" content=\"Abogada Orihuela\" \/>\n<meta property=\"article:modified_time\" content=\"2024-09-06T15:38:45+00:00\" \/>\n<meta property=\"og:image\" content=\"https:\/\/carmenrivesabogada.com\/wp-content\/uploads\/2024\/09\/carmen-index-header-1.jpg\" \/>\n<meta name=\"twitter:card\" content=\"summary_large_image\" \/>\n<meta name=\"twitter:label1\" content=\"Tiempo de lectura\" \/>\n\t<meta name=\"twitter:data1\" content=\"1 minuto\" \/>\n<script type=\"application\/ld+json\" class=\"yoast-schema-graph\">{\"@context\":\"https:\/\/schema.org\",\"@graph\":[{\"@type\":\"WebPage\",\"@id\":\"https:\/\/carmenrivesabogada.com\/?page_id=219\",\"url\":\"https:\/\/carmenrivesabogada.com\/?page_id=219\",\"name\":\"Sobre m\u00ed - Abogada Orihuela\",\"isPartOf\":{\"@id\":\"https:\/\/carmenrivesabogada.com\/#website\"},\"datePublished\":\"2023-09-08T17:16:12+00:00\",\"dateModified\":\"2024-09-06T15:38:45+00:00\",\"breadcrumb\":{\"@id\":\"https:\/\/carmenrivesabogada.com\/?page_id=219#breadcrumb\"},\"inLanguage\":\"es\",\"potentialAction\":[{\"@type\":\"ReadAction\",\"target\":[\"https:\/\/carmenrivesabogada.com\/?page_id=219\"]}]},{\"@type\":\"BreadcrumbList\",\"@id\":\"https:\/\/carmenrivesabogada.com\/?page_id=219#breadcrumb\",\"itemListElement\":[{\"@type\":\"ListItem\",\"position\":1,\"name\":\"Portada\",\"item\":\"https:\/\/carmenrivesabogada.com\/\"},{\"@type\":\"ListItem\",\"position\":2,\"name\":\"Sobre m\u00ed\"}]},{\"@type\":\"WebSite\",\"@id\":\"https:\/\/carmenrivesabogada.com\/#website\",\"url\":\"https:\/\/carmenrivesabogada.com\/\",\"name\":\"Abogada Orihuela\",\"description\":\"\",\"potentialAction\":[{\"@type\":\"SearchAction\",\"target\":{\"@type\":\"EntryPoint\",\"urlTemplate\":\"https:\/\/carmenrivesabogada.com\/?s={search_term_string}\"},\"query-input\":\"required name=search_term_string\"}],\"inLanguage\":\"es\"}]}<\/script>\n<!-- \/ Yoast SEO plugin. -->","yoast_head_json":{"title":"Sobre m\u00ed - Abogada Orihuela","robots":{"index":"index","follow":"follow","max-snippet":"max-snippet:-1","max-image-preview":"max-image-preview:large","max-video-preview":"max-video-preview:-1"},"canonical":"https:\/\/carmenrivesabogada.com\/?page_id=219","og_locale":"es_ES","og_type":"article","og_title":"Sobre m\u00ed - Abogada Orihuela","og_description":"SOBRE M\u00cd Sobre m\u00ed Lorem ipsum dolor sit amet Contacto Carmen Rives Soy una abogada de Alicante especializada en derecho civil, formada en la UCAM de Murcia. Desde siempre he tenido una gran pasi\u00f3n por defender los derechos de los dem\u00e1s, lo que me llev\u00f3 a especializarme en \u00e1reas como contratos, herencias y conflictos familiares. [&hellip;]","og_url":"https:\/\/carmenrivesabogada.com\/?page_id=219","og_site_name":"Abogada Orihuela","article_modified_time":"2024-09-06T15:38:45+00:00","og_image":[{"url":"https:\/\/carmenrivesabogada.com\/wp-content\/uploads\/2024\/09\/carmen-index-header-1.jpg"}],"twitter_card":"summary_large_image","twitter_misc":{"Tiempo de lectura":"1 minuto"},"schema":{"@context":"https:\/\/schema.org","@graph":[{"@type":"WebPage","@id":"https:\/\/carmenrivesabogada.com\/?page_id=219","url":"https:\/\/carmenrivesabogada.com\/?page_id=219","name":"Sobre m\u00ed - Abogada Orihuela","isPartOf":{"@id":"https:\/\/carmenrivesabogada.com\/#website"},"datePublished":"2023-09-08T17:16:12+00:00","dateModified":"2024-09-06T15:38:45+00:00","breadcrumb":{"@id":"https:\/\/carmenrivesabogada.com\/?page_id=219#breadcrumb"},"inLanguage":"es","potentialAction":[{"@type":"ReadAction","target":["https:\/\/carmenrivesabogada.com\/?page_id=219"]}]},{"@type":"BreadcrumbList","@id":"https:\/\/carmenrivesabogada.com\/?page_id=219#breadcrumb","itemListElement":[{"@type":"ListItem","position":1,"name":"Portada","item":"https:\/\/carmenrivesabogada.com\/"},{"@type":"ListItem","position":2,"name":"Sobre m\u00ed"}]},{"@type":"WebSite","@id":"https:\/\/carmenrivesabogada.com\/#website","url":"https:\/\/carmenrivesabogada.com\/","name":"Abogada Orihuela","description":"","potentialAction":[{"@type":"SearchAction","target":{"@type":"EntryPoint","urlTemplate":"https:\/\/carmenrivesabogada.com\/?s={search_term_string}"},"query-input":"required name=search_term_string"}],"inLanguage":"es"}]}},"_links":{"self":[{"href":"https:\/\/carmenrivesabogada.com\/index.php?rest_route=\/wp\/v2\/pages\/219","targetHints":{"allow":["GET"]}}],"collection":[{"href":"https:\/\/carmenrivesabogada.com\/index.php?rest_route=\/wp\/v2\/pages"}],"about":[{"href":"https:\/\/carmenrivesabogada.com\/index.php?rest_route=\/wp\/v2\/types\/page"}],"author":[{"embeddable":true,"href":"https:\/\/carmenrivesabogada.com\/index.php?rest_route=\/wp\/v2\/users\/1"}],"replies":[{"embeddable":true,"href":"https:\/\/carmenrivesabogada.com\/index.php?rest_route=%2Fwp%2Fv2%2Fcomments&post=219"}],"version-history":[{"count":10,"href":"https:\/\/carmenrivesabogada.com\/index.php?rest_route=\/wp\/v2\/pages\/219\/revisions"}],"predecessor-version":[{"id":262,"href":"https:\/\/carmenrivesabogada.com\/index.php?rest_route=\/wp\/v2\/pages\/219\/revisions\/262"}],"wp:attachment":[{"href":"https:\/\/carmenrivesabogada.com\/index.php?rest_route=%2Fwp%2Fv2%2Fmedia&parent=219"}],"curies":[{"name":"wp","href":"https:\/\/api.w.org\/{rel}","templated":true}]}}